(1/(-5))?
1
Suppose -3*v - 2*u = -v - 6, -2*u + 16 = 4*v. Suppose 40 = 4*y - v*l, 2*y + 24 = 6*y - l. What is the units digit of y?
5
Let h(p) = 12*p**2 - p - 6. Let n(d) = d**2 + 1. Let j(c) = h(c) + 5*n(c). What is the tens digit of j(-1)?
1
Suppose 5*r + 93 = 2*r. Let f = -2 - r. What is the units digit of f?
9
Let k(a) = -a + 3. Let v be k(-3). Suppose p + 4 = -0*p. Let d = v + p. What is the units digit of d?
2
Let q(o) be the second derivative of o**5/20 + o**3/3 - o**2/2 - 2*o. Let l be q(1). What is the units digit of (12/(-2))/(l/(-1))?
3
Let s(f) = -3*f**3 - 6*f**2 + f + 8. What is the units digit of s(-5)?
8
Let h(n) = -n**2 + 20*n + 34. What is the tens digit of h(18)?
7
Let a(f) = -f + 8. Let s be a(6). Let k(v) = 4*v - 4*v - s - 3*v + 2*v**2. What is the units digit of k(3)?
7
What is the tens digit of (69 - -2)/(4 - 3)?
7
Let n(z) = z**2 + 6*z - 5. Let s be n(-6). Let a(g) = -g**3 - 3*g**2 + 8*g + 6. What is the units digit of a(s)?
6
Suppose 0 = p - 2 - 1. Suppose -i + 38 = 5*n, -14 = 4*n - p*i - 52. What is the units digit of n?
8
Suppose -5*l - 10 = -0*l. Let a(j) be the third derivative of j**6/120 + j**5/20 - j**4/24 + j**3/3 - 3*j**2. What is the units digit of a(l)?
8
Suppose 3*d + 35 = 8*d. What is the units digit of (-363)/(-21) + (-2)/d?
7
Suppose l - 3 + 1 = 0. Let m be 1 - 1*(-4)/l. Suppose -m*t = -29 + 5. What is the units digit of t?
8
Let h(w) = w - 10. What is the units digit of h(15)?
5
Suppose -9 = -o + 5*g - 2, g = o - 23. What is the tens digit of o?
2
Let b(r) = -r**3 - 7*r**2 - 6*r - 8. What is the units digit of b(-7)?
4
Suppose -4*s + 73 = -183. What is the tens digit of s?
6
Suppose 2*l + 6 = -8. Let o = l - -10. What is the units digit of o?
3
What is the tens digit of (-36 - 0)/((-13)/104)?
8
Suppose -3*i + 9 = 0, -538 - 737 = -5*v + 5*i. What is the hundreds digit of v?
2
Let a(y) = 10*y - 3. What is the tens digit of a(4)?
3
Suppose 2*z + 4*n + 16 = 0, -4*n = 4*z - z + 16. Suppose z = 2*o - 0*o + 8, 103 = 5*r + 3*o. What is the units digit of r?
3
Let m be ((-15)/10)/((-3)/8). Let r = 13 - m. What is the units digit of r?
9
Suppose 4*c - c = 0. Suppose c = -2*l + 28 + 16. What is the units digit of l?
2
Let q = 12 + -4. What is the tens digit of 1/(-4) + 186/q?
2
Suppose b - 247 = -2*b - u, u + 168 = 2*b. What is the units digit of b?
3
Let z = 65 + -26. What is the units digit of z?
9
Suppose -3*o - 2*u = -10, -2*o + 20 = 2*o + 4*u. What is the units digit of -6*(2/(-4) - o)?
3
Suppose -5*q = -6*q - 20. Let a be ((-2)/4)/(2/q). Suppose 0 = -a*u - 5*l + 5, -l = 2*l + 3. What is the units digit of u?
2
Suppose -5*b = -3*b - 182. What is the tens digit of b?
9
Suppose -w - 147 = -5*n + 2*w, -n = -2*w - 35. What is the units digit of n?
7
What is the tens digit of 5/((15/(-6) + 2)/(-1))?
1
What is the tens digit of (15/(-9) - 0)*-6?
1
What is the units digit of (3/(-2))/((-1)/2)?
3
Suppose 7*b = 4*b + 132. What is the units digit of (605/b)/(2/8)?
5
Let i = -271 + 385. What is the hundreds digit of i?
1
Suppose 12*u + 114 = 14*u. What is the units digit of u?
7
What is the tens digit of 1 - 8*(-4 - 3/(-6))?
2
Let x(m) = m**3 + 16*m**2 + 14*m + 3. What is the tens digit of x(-15)?
1
Suppose -4*x + 13 = -3. Let g(m) = -m**3 + 5*m**2 - 2*m - 1. What is the units digit of g(x)?
7
Suppose -275 = -4*g - 51. What is the units digit of g?
6
Let v = 135 + -22. Suppose v = 3*d + g, -2*d + 1 + 65 = 3*g. What is the tens digit of d?
3
Let n = 2 - 4. What is the units digit of (8/(-6))/(n/27)?
8
Let h = 120 + -33. What is the tens digit of h?
8
Suppose o - 4*u - 19 = -0*o, 0 = u + 4. Suppose 3*z + 3*c - 2*c - 27 = 0, -o*c = -5*z + 31. What is the units digit of z?
8
Let y(z) = -7*z**3 - 13*z**3 + 8*z**3 - z**2. What is the tens digit of y(-1)?
1
Let l = 0 + 56. What is the units digit of l?
6
Let p be (6/(-4))/(2/(-4)). Suppose -10 + 25 = 3*x. Suppose -5*j + 5*w - x = 0, p*j + j + 2*w = 8. What is the units digit of j?
1
Let k(w) = 8 + w**3 - 6*w**2 + 6*w**2 + 12*w - 13*w**2 + 9. What is the tens digit of k(12)?
1
Let s = -51 - -31. Let r = s - -33. What is the units digit of r?
3
Let w be 12/(-8)*8/3. Let f = 1 - w. Suppose f*j + 17 = 5*h - 28, -3*j = 4*h - 15. What is the units digit of h?
6
Let u = 173 - 84. What is the tens digit of u?
8
What is the units digit of (28/6)/(7/((-63)/(-6)))?
7
Suppose 4*p + p - 15 = 0. What is the units digit of p/((-9)/(-12)) - 1?
3
Suppose -4*m - 1137 = 5*d, -m = -d - 2*m - 228. Let g be 4/(-3)*d/6. Suppose 0 = -5*y + 3*l + 48, 5*l + 10 = -5*y + g. What is the units digit of y?
9
Suppose 5*v - 275 = -4*x, -3*x = 3*v + 2*v - 280. What is the tens digit of v?
5
Suppose 2 = f - 3*f. Let v = -32 - -23. Let q = f - v. What is the units digit of q?
8
Suppose -2*l + 28 = -0*l - 5*s, -4*l + 4*s + 32 = 0. What is the units digit of l?
4
Let g = -4 + 8. Suppose -g*j + 4 + 24 = 0. What is the units digit of j?
7
Suppose 2*j + 3*j - 108 = -3*a, -4*j = -12. What is the tens digit of a?
3
Suppose 35 + 22 = 3*o. Suppose 3*s = o + 2. What is the units digit of s?
7
Suppose 0 = -5*x + 1 + 4. Let d = x + 0. Let a = 0 + d. What is the units digit of a?
1
Let r(x) = 1. Let m(c) = 7*c + 4. Let f(a) = -m(a) + 2*r(a). What is the units digit of f(-5)?
3
Let o(a) = 4*a**2 + 9. What is the tens digit of o(-7)?
0
Suppose 0 = 4*z + 20 - 4, -5*o + 4*z + 41 = 0. What is the units digit of o?
5
Let s = -5 - -7. What is the units digit of s?
2
Let f be (3 + -12)/((-3)/20). Suppose -5*k = -5*n - f, -k + n = -n - 15. What is the units digit of k?
9
Suppose 4*h + 0*h = -4. Let w be (-6 - -7)*(1 + 4). What is the units digit of 41/5 + h/w?
8
Suppose 3 + 3 = 3*b. Suppose 0 = -b*n + n. Suppose 0 = -3*z - 2*z + 4*j + 30, 2*z - j - 9 = n. What is the units digit of z?
2
Let d = -6 + 12. Suppose 3*x + d = 42. What is the units digit of x?
2
Let t = -1 - 72. Let l = -50 - t. What is the tens digit of l?
2
Suppose s = -5, 4*g = -6*s + 4*s + 530. What is the tens digit of g?
3
Suppose 59 = 2*s - r, s - 5*s - 5*r + 97 = 0. What is the units digit of s?
8
Suppose -3*r = -102 - 51. What is the units digit of r?
1
What is the tens digit of (-1 + 31)*(-4)/(-3)?
4
Suppose 0 = -h + 97 + 7. What is the tens digit of h?
0
Suppose -4*l + 2*q = -696, -364 = 2*l - 4*l - 3*q. What is the tens digit of l?
7
Suppose -4*w = x + 664, 2*x + 1298 = 6*w - 4*w. What is the units digit of x/(-28) - (-6)/(-21)?
3
Suppose 0*b - 3*l = 2*b - 131, 0 = 2*l - 10. What is the tens digit of b?
5
Let f(u) = -10*u**2. Let d(x) = -7*x**2. Let b(y) = -7*d(y) + 5*f(y). Let z be b(0). Suppose z = -3*g + g + 4. What is the units digit of g?
2
Suppose 3*f = 22 + 17. What is the units digit of f?
3
Suppose -c - 1 = 0, -65 = -3*k + 4*c + 53. What is the units digit of k?
8
Let x(p) be the second derivative of 4*p**3/3 - 2*p**2 - 2*p. What is the tens digit of x(2)?
1
Let i = -222 + 312. What is the tens digit of i?
9
Let z(y) = 153*y**2 + 2*y - 1. What is the tens digit of z(1)?
5
Suppose v + 1056 = 12*v. What is the tens digit of v?
9
Let z(d) = 3*d - 11. Let a be z(5). What is the units digit of (-3)/a - 124/(-16)?
7
Suppose -3*i + 76 = i. Let l be (i/(-2))/((-1)/6). What is the units digit of 2/3 - l/(-9)?
7
What is the units digit of (-44 - -1)*(1 - 2)?
3
Suppose 0 = -3*u + 11 + 16. What is the units digit of u?
9
Let c(q) = q**3 + 2*q - 2. Let g be c(2). Let n be g/8*(-4)/(-1). Suppose 4*s + n*j - 58 = 4*j, 10 = 5*j. What is the tens digit of s?
1
Suppose 0 = l - 3, 3*t - 2*l - 3 = 2*l. Let d = 2 - t. What is the units digit of 2/(d/(66/(-4)))?
1
Let h be 2*(-1)/(-4)*18. Suppose h*s = 4*s + 85. What is the tens digit of s?
1
Let q(l) = l**3 - 6*l**2 + 8*l - 4. Let g be ((-6)/10)/(1/(-15)). Let d = g + -4. What is the tens digit of q(d)?
1
Suppose 5*w + 3*k - 110 = 0, -3*k - 31 = -2*w + 13. Suppose -21 = -3*j + 5*d, 3*j - w = -2*j + 4*d. What is the units digit of ((-3)/(-6))/(1/j)?
1
Suppose -12 = -3*t - t. Suppose s + t*s = 4. What is the units digit of s?
1
Let k(r) = -r - 22. Suppose -2*j = -9*d + 4*d, 0 = 5*d - 3*j. Let w be k(d). Let s = 35 + w. What is the units digit of s?
3
What is the units digit of 167/4 - 5/(-20)?
2
Suppose -122 = 11*o - 13*o. What is the tens digit of o?
6
Let d(a) = 2*a**2 + 7*a - 8. What is the tens digit of d(5)?
7
Let x